late the remainder when 114924 is divided by 2262.
1824
Calculate the remainder when 1015280 is divided by 53435.
15
Calculate the remainder when 103122472 is divided by 85437.
13
Calculate the remainder when 71144 is divided by 5469.
47
What is the remainder when 17040186 is divided by 20?
6
Calculate the remainder when 3496441 is divided by 699265.
116
Calculate the remainder when 3635997 is divided by 1211953.
138
Calculate the remainder when 1621545 is divided by 46.
45
What is the remainder when 88146 is divided by 4740?
2826
Calculate the remainder when 677250 is divided by 96748.
14
What is the remainder when 14198393 is divided by 38?
35
What is the remainder when 13758070 is divided by 33?
7
What is the remainder when 1150535 is divided by 1426?
1179
Calculate the remainder when 275894457 is divided by 18.
15
What is the remainder when 521296 is divided by 260591?
114
What is the remainder when 394895 is divided by 4645?
70
What is the remainder when 23176383 is divided by 5200?
5183
Calculate the remainder when 51317574 is divided by 220247.
23
Calculate the remainder when 31984 is divided by 2676.
2548
What is the remainder when 33799365 is divided by 11266430?
75
Calculate the remainder when 50285462 is divided by 3352363.
17
What is the remainder when 1092782 is divided by 88?
86
What is the remainder when 372514 is divided by 24831?
49
Calculate the remainder when 4475121 is divided by 12.
9
Calculate the remainder when 32764911 is divided by 6266.
6263
Calculate the remainder when 1985962 is divided by 116.
42
Calculate the remainder when 6701648 is divided by 11.
8
Calculate the remainder when 3948752 is divided by 1424.
0
Calculate the remainder when 1273613 is divided by 305.
238
Calculate the remainder when 7495150 is divided by 102673.
21
What is the remainder when 408480 is divided by 102112?
32
Calculate the remainder when 2390789 is divided by 82.
79
Calculate the remainder when 183804 is divided by 183192.
612
Calculate the remainder when 597444 is divided by 149359.
8
Calculate the remainder when 27082 is divided by 9012.
46
What is the remainder when 35549 is divided by 2370?
2369
What is the remainder when 987011 is divided by 82245?
71
What is the remainder when 68828 is divided by 13636?
648
Calculate the remainder when 339879 is divided by 283.
279
Calculate the remainder when 3747336 is divided by 936743.
364
Calculate the remainder when 122389 is divided by 7648.
21
Calculate the remainder when 112004002 is divided by 1594.
1592
Calculate the remainder when 1561150 is divided by 12498.
11398
Calculate the remainder when 1379192 is divided by 114931.
20
Calculate the remainder when 174493 is divided by 6760.
5493
Calculate the remainder when 72759060 is divided by 2.
0
What is the remainder when 224043 is divided by 1545?
18
What is the remainder when 292109 is divided by 97109?
782
What is the remainder when 1803435 is divided by 277?
165
What is the remainder when 16063 is divided by 1181?
710
Calculate the remainder when 1375814 is divided by 93.
65
What is the remainder when 134854231 is divided by 44?
39
What is the remainder when 2785742 is divided by 100?
42
What is the remainder when 3392310 is divided by 92?
86
What is the remainder when 36326760 is divided by 1277?
1218
Calculate the remainder when 76184789 is divided by 8464975.
14
Calculate the remainder when 41077285 is divided by 141159.
16
Calculate the remainder when 64621942 is divided by 155.
117
What is the remainder when 6748715 is divided by 427?
407
Calculate the remainder when 918269 is divided by 41731.
187
What is the remainder when 264650 is divided by 76?
18
Calculate the remainder when 693352 is divided by 420.
352
What is the remainder when 381724 is divided by 6?
4
What is the remainder when 593003 is divided by 14824?
43
What is the remainder when 18731 is divided by 1261?
1077
Calculate the remainder when 3035991 is divided by 37.
30
What is the remainder when 4494234 is divided by 803?
646
What is the remainder when 397979 is divided by 198556?
867
What is the remainder when 34948777 is divided by 5?
2
Calculate the remainder when 49274134 is divided by 353.
276
Calculate the remainder when 19708243 is divided by 360.
43
Calculate the remainder when 55018552 is divided by 856.
8
Calculate the remainder when 456395 is divided by 20734.
247
What is the remainder when 1815707 is divided by 17451?
803
What is the remainder when 112183 is divided by 1?
0
Calculate the remainder when 3955868 is divided by 544.
444
Calculate the remainder when 6049 is divided by 1237.
1101
What is the remainder when 164632499 is divided by 1875?
1874
What is the remainder when 50511 is divided by 997?
661
Calculate the remainder when 51935036 is divided by 40.
36
What is the remainder when 1230959 is divided by 126?
65
What is the remainder when 333608 is divided by 11427?
2225
What is the remainder when 1152770 is divided by 37?
35
What is the remainder when 315088 is divided by 6?
4
Calculate the remainder when 880395 is divided by 4380.
15
What is the remainder when 2088454 is divided by 111?
100
What is the remainder when 351796 is divided by 977?
76
Calculate the remainder when 335978 is divided by 154.
104
Calculate the remainder when 23490517 is divided by 198.
193
Calculate the remainder when 226036 is divided by 225945.
91
What is the remainder when 1578585 is divided by 5125?
85
What is the remainder when 773656 is divided by 146?
2
Calculate the remainder when 1356747 is divided by 5139.
51
What is the remainder when 10474 is divided by 1103?
547
What is the remainder when 23545486 is divided by 2224?
2222
What is the remainder when 811893 is divided by 1875?
18
What is the remainder when 181613 is divided by 3185?
68
Calculate the remainder when 8864547 is divided by 2266.
2221
Calculate the remainder when 2240689 is divided by 560040.
529
What is the remainder when 199568 is divided by 48113?
7116
Calculate the remainder when 74090 is divided by 12340.
50
What is the remainder when 5156 is divided by 2535?
86
What is the remainder when 9168407 is divided by 1323?
17
Calculate the remainder when 6727960 is divided by 15.
10
Calculate the remainder when 347951 is divided by 7723.
416
What is the remainder when 91304155 is divided by 1961?
1956
What is the remainder when 40190073 is divided by 314?
271
Calculate the remainder when 14081664 is divided by 42.
30
Calculate the remainder when 2403577 is divided by 267047.
154
Calculate the remainder when 37271 is divided by 18569.
133
Calculate the remainder when 20394 is divided by 3833.
1229
Calculate the remainder when 3999582 is divided by 69.
66
What is the remainder when 235813 is divided by 8131?
14
What is the remainder when 9825416 is divided by 33?
29
Calculate the remainder when 49689 is divided by 2560.
1049
Calculate the remainder when 401966 is divided by 643.
91
What is the remainder when 11546259 is divided by 313?
2
Calculate the remainder when 771291 is divided by 1183.
1158
Calculate the remainder when 131791 is divided by 130950.
841
Calculate the remainder when 778557 is divided by 130.
117
Calculate the remainder when 129153 is divided by 129130.
23
Calculate the remainder when 73719836 is divided by 153.
152
Calculate the remainder when 739787 is divided by 19468.
3
Calculate the remainder when 57649 is divided by 33.
31
What is the remainder when 21781914 is divided by 148176?
42
Calculate the remainder when 896140 is divided by 895940.
200
Calculate the remainder when 50686190 is divided by 817519.
12
Calculate the remainder when 11148800 is divided by 22.
14
Calculate the remainder when 87998571 is divided by 9777617.
18
Calculate the remainder when 153121 is divided by 947.
654
Calculate the remainder when 105521623 is divided by 1333.
10
Calculate the remainder when 398484 is divided by 171.
54
Calculate the remainder when 10333 is divided by 4928.
477
Calculate the remainder when 1153095 is divided by 29565.
60
What is the remainder when 3873811 is divided by 106?
41
Calculate the remainder when 108359438 is divided by 716.
714
What is the remainder when 321127 is divided by 5449?
5085
What is the remainder when 23426 is divided by 2649?
2234
What is the remainder 